{"id":133,"date":"2021-07-04T13:38:01","date_gmt":"2021-07-04T13:38:01","guid":{"rendered":"https:\/\/test.manina-transport.de\/?page_id=133"},"modified":"2021-12-07T15:15:43","modified_gmt":"2021-12-07T15:15:43","slug":"lager-werkstatthalle","status":"publish","type":"page","link":"https:\/\/manina-transport.de\/?page_id=133","title":{"rendered":"Lager\/Werkstatthalle"},"content":{"rendered":"\t\t<div data-elementor-type=\"wp-page\" data-elementor-id=\"133\" class=\"elementor elementor-133\" data-elementor-post-type=\"page\">\n\t\t\t\t\t\t<section class=\"elementor-section elementor-top-section elementor-element elementor-element-040fc5e elementor-section-boxed elementor-section-height-default elementor-section-height-default\" data-id=\"040fc5e\" data-element_type=\"section\" data-e-type=\"section\">\n\t\t\t\t\t\t<div class=\"elementor-container elementor-column-gap-default\">\n\t\t\t\t\t<div class=\"elementor-column elementor-col-100 elementor-top-column elementor-element elementor-element-cb1c203\" data-id=\"cb1c203\" data-element_type=\"column\" data-e-type=\"column\">\n\t\t\t<div class=\"elementor-widget-wrap elementor-element-populated\">\n\t\t\t\t\t\t<div class=\"elementor-element elementor-element-11554b2 elementor-widget elementor-widget-image\" data-id=\"11554b2\" data-element_type=\"widget\" data-e-type=\"widget\" data-widget_type=\"image.default\">\n\t\t\t\t<div class=\"elementor-widget-container\">\n\t\t\t\t\t\t\t\t\t\t\t\t\t\t\t<img fetchpriority=\"high\" decoding=\"async\" width=\"640\" height=\"400\" src=\"https:\/\/manina-transport.de\/wp-content\/uploads\/2021\/12\/20201217_132149-1-640x400.jpg\" class=\"attachment-onepress-medium size-onepress-medium wp-image-274\" alt=\"\" srcset=\"https:\/\/manina-transport.de\/wp-content\/uploads\/2021\/12\/20201217_132149-1-640x400.jpg 640w, https:\/\/manina-transport.de\/wp-content\/uploads\/2021\/12\/20201217_132149-1-480x300.jpg 480w\" sizes=\"(max-width: 640px) 100vw, 640px\" \/>\t\t\t\t\t\t\t\t\t\t\t\t\t\t\t<\/div>\n\t\t\t\t<\/div>\n\t\t\t\t\t<\/div>\n\t\t<\/div>\n\t\t\t\t\t<\/div>\n\t\t<\/section>\n\t\t\t\t<section class=\"elementor-section elementor-top-section elementor-element elementor-element-beafd82 elementor-section-boxed elementor-section-height-default elementor-section-height-default\" data-id=\"beafd82\" data-element_type=\"section\" data-e-type=\"section\">\n\t\t\t\t\t\t<div class=\"elementor-container elementor-column-gap-default\">\n\t\t\t\t\t<div class=\"elementor-column elementor-col-100 elementor-top-column elementor-element elementor-element-d084a58\" data-id=\"d084a58\" data-element_type=\"column\" data-e-type=\"column\">\n\t\t\t<div class=\"elementor-widget-wrap elementor-element-populated\">\n\t\t\t\t\t\t<div class=\"elementor-element elementor-element-274897d elementor-widget elementor-widget-text-editor\" data-id=\"274897d\" data-element_type=\"widget\" data-e-type=\"widget\" data-widget_type=\"text-editor.default\">\n\t\t\t\t<div class=\"elementor-widget-container\">\n\t\t\t\t\t\t\t\t\t<p><span style=\"font-size: 14pt;\">Am Standort in Pouch gibt es eine Lagerhalle mit ca. 1.000 qm Fl\u00e4che mit Kranbahn und Coil-Haken f\u00fcr Lasten bis 9 t. Eingelagert werden hier derzeit Coils und Spaltb\u00e4nder f\u00fcr unsere Kunden.<\/span><\/p>\t\t\t\t\t\t\t\t<\/div>\n\t\t\t\t<\/div>\n\t\t\t\t\t<\/div>\n\t\t<\/div>\n\t\t\t\t\t<\/div>\n\t\t<\/section>\n\t\t\t\t<section class=\"elementor-section elementor-top-section elementor-element elementor-element-4b1ca1f elementor-section-boxed elementor-section-height-default elementor-section-height-default\" data-id=\"4b1ca1f\" data-element_type=\"section\" data-e-type=\"section\">\n\t\t\t\t\t\t<div class=\"elementor-container elementor-column-gap-default\">\n\t\t\t\t\t<div class=\"elementor-column elementor-col-100 elementor-top-column elementor-element elementor-element-e64314e\" data-id=\"e64314e\" data-element_type=\"column\" data-e-type=\"column\">\n\t\t\t<div class=\"elementor-widget-wrap elementor-element-populated\">\n\t\t\t\t\t\t<div class=\"elementor-element elementor-element-f68d1d1 elementor-widget elementor-widget-image\" data-id=\"f68d1d1\" data-element_type=\"widget\" data-e-type=\"widget\" data-widget_type=\"image.default\">\n\t\t\t\t<div class=\"elementor-widget-container\">\n\t\t\t\t\t\t\t\t\t\t\t\t\t\t\t<img decoding=\"async\" width=\"640\" height=\"400\" src=\"https:\/\/manina-transport.de\/wp-content\/uploads\/2021\/12\/IMG_0033-2-640x400.jpg\" class=\"attachment-onepress-medium size-onepress-medium wp-image-275\" alt=\"\" srcset=\"https:\/\/manina-transport.de\/wp-content\/uploads\/2021\/12\/IMG_0033-2-640x400.jpg 640w, https:\/\/manina-transport.de\/wp-content\/uploads\/2021\/12\/IMG_0033-2-480x300.jpg 480w\" sizes=\"(max-width: 640px) 100vw, 640px\" \/>\t\t\t\t\t\t\t\t\t\t\t\t\t\t\t<\/div>\n\t\t\t\t<\/div>\n\t\t\t\t\t<\/div>\n\t\t<\/div>\n\t\t\t\t\t<\/div>\n\t\t<\/section>\n\t\t\t\t<section class=\"elementor-section elementor-top-section elementor-element elementor-element-707d4dc elementor-section-boxed elementor-section-height-default elementor-section-height-default\" data-id=\"707d4dc\" data-element_type=\"section\" data-e-type=\"section\">\n\t\t\t\t\t\t<div class=\"elementor-container elementor-column-gap-default\">\n\t\t\t\t\t<div class=\"elementor-column elementor-col-100 elementor-top-column elementor-element elementor-element-85ee978\" data-id=\"85ee978\" data-element_type=\"column\" data-e-type=\"column\">\n\t\t\t<div class=\"elementor-widget-wrap elementor-element-populated\">\n\t\t\t\t\t\t<div class=\"elementor-element elementor-element-275b586 elementor-widget elementor-widget-text-editor\" data-id=\"275b586\" data-element_type=\"widget\" data-e-type=\"widget\" data-widget_type=\"text-editor.default\">\n\t\t\t\t<div class=\"elementor-widget-container\">\n\t\t\t\t\t\t\t\t\t<p><span style=\"font-size: 14pt;\">Kleinere Partien werden in der Werkstatthalle gelagert und k\u00f6nnen dort oder auf dem Betriebshof per Stapler oder Radlader umgeladen werden. Die Fahrzeughalle verf\u00fcgt \u00fcber eine Grube und einen Rollenpr\u00fcfstand, so dass diverse Reparaturen und Untersuchungen selbst durchgef\u00fchrt werden k\u00f6nnen.<\/span><\/p>\t\t\t\t\t\t\t\t<\/div>\n\t\t\t\t<\/div>\n\t\t\t\t\t<\/div>\n\t\t<\/div>\n\t\t\t\t\t<\/div>\n\t\t<\/section>\n\t\t\t\t<\/div>\n\t\t","protected":false},"excerpt":{"rendered":"<p>Am Standort in Pouch gibt es eine Lagerhalle mit ca. 1.000 qm Fl\u00e4che mit Kranbahn und Coil-Haken f\u00fcr Lasten bis 9 t. Eingelagert werden hier derzeit Coils und Spaltb\u00e4nder f\u00fcr &#8230;<\/p>\n","protected":false},"author":1,"featured_media":0,"parent":0,"menu_order":0,"comment_status":"closed","ping_status":"closed","template":"","meta":{"footnotes":""},"class_list":["post-133","page","type-page","status-publish","hentry"],"_links":{"self":[{"href":"https:\/\/manina-transport.de\/index.php?rest_route=\/wp\/v2\/pages\/133","targetHints":{"allow":["GET"]}}],"collection":[{"href":"https:\/\/manina-transport.de\/index.php?rest_route=\/wp\/v2\/pages"}],"about":[{"href":"https:\/\/manina-transport.de\/index.php?rest_route=\/wp\/v2\/types\/page"}],"author":[{"embeddable":true,"href":"https:\/\/manina-transport.de\/index.php?rest_route=\/wp\/v2\/users\/1"}],"replies":[{"embeddable":true,"href":"https:\/\/manina-transport.de\/index.php?rest_route=%2Fwp%2Fv2%2Fcomments&post=133"}],"version-history":[{"count":6,"href":"https:\/\/manina-transport.de\/index.php?rest_route=\/wp\/v2\/pages\/133\/revisions"}],"predecessor-version":[{"id":278,"href":"https:\/\/manina-transport.de\/index.php?rest_route=\/wp\/v2\/pages\/133\/revisions\/278"}],"wp:attachment":[{"href":"https:\/\/manina-transport.de\/index.php?rest_route=%2Fwp%2Fv2%2Fmedia&parent=133"}],"curies":[{"name":"wp","href":"https:\/\/api.w.org\/{rel}","templated":true}]}}

<div data-elementor-type="wp-page" data-elementor-id="133" class="elementor elementor-133" data-elementor-post-type="page">
						<section class="elementor-section elementor-top-section elementor-element elementor-element-040fc5e elementor-section-boxed elementor-section-height-default elementor-section-height-default" data-id="040fc5e" data-element_type="section" data-e-type="section">
						<div class="elementor-container elementor-column-gap-default">
					<div class="elementor-column elementor-col-100 elementor-top-column elementor-element elementor-element-cb1c203" data-id="cb1c203" data-element_type="column" data-e-type="column">
			<div class="elementor-widget-wrap elementor-element-populated">
						<div class="elementor-element elementor-element-11554b2 elementor-widget elementor-widget-image" data-id="11554b2" data-element_type="widget" data-e-type="widget" data-widget_type="image.default">
				<div class="elementor-widget-container">
															<img fetchpriority="high" decoding="async" width="640" height="400" src="https://manina-transport.de/wp-content/uploads/2021/12/20201217_132149-1-640x400.jpg" class="attachment-onepress-medium size-onepress-medium wp-image-274" alt="" srcset="https://manina-transport.de/wp-content/uploads/2021/12/20201217_132149-1-640x400.jpg 640w, https://manina-transport.de/wp-content/uploads/2021/12/20201217_132149-1-480x300.jpg 480w" sizes="(max-width: 640px) 100vw, 640px" />															</div>
				</div>
					</div>
		</div>
					</div>
		</section>
				<section class="elementor-section elementor-top-section elementor-element elementor-element-beafd82 elementor-section-boxed elementor-section-height-default elementor-section-height-default" data-id="beafd82" data-element_type="section" data-e-type="section">
						<div class="elementor-container elementor-column-gap-default">
					<div class="elementor-column elementor-col-100 elementor-top-column elementor-element elementor-element-d084a58" data-id="d084a58" data-element_type="column" data-e-type="column">
			<div class="elementor-widget-wrap elementor-element-populated">
						<div class="elementor-element elementor-element-274897d elementor-widget elementor-widget-text-editor" data-id="274897d" data-element_type="widget" data-e-type="widget" data-widget_type="text-editor.default">
				<div class="elementor-widget-container">
									<p><span style="font-size: 14pt;">Am Standort in Pouch gibt es eine Lagerhalle mit ca. 1.000 qm Fläche mit Kranbahn und Coil-Haken für Lasten bis 9 t. Eingelagert werden hier derzeit Coils und Spaltbänder für unsere Kunden.</span></p>								</div>
				</div>
					</div>
		</div>
					</div>
		</section>
				<section class="elementor-section elementor-top-section elementor-element elementor-element-4b1ca1f elementor-section-boxed elementor-section-height-default elementor-section-height-default" data-id="4b1ca1f" data-element_type="section" data-e-type="section">
						<div class="elementor-container elementor-column-gap-default">
					<div class="elementor-column elementor-col-100 elementor-top-column elementor-element elementor-element-e64314e" data-id="e64314e" data-element_type="column" data-e-type="column">
			<div class="elementor-widget-wrap elementor-element-populated">
						<div class="elementor-element elementor-element-f68d1d1 elementor-widget elementor-widget-image" data-id="f68d1d1" data-element_type="widget" data-e-type="widget" data-widget_type="image.default">
				<div class="elementor-widget-container">
															<img decoding="async" width="640" height="400" src="https://manina-transport.de/wp-content/uploads/2021/12/IMG_0033-2-640x400.jpg" class="attachment-onepress-medium size-onepress-medium wp-image-275" alt="" srcset="https://manina-transport.de/wp-content/uploads/2021/12/IMG_0033-2-640x400.jpg 640w, https://manina-transport.de/wp-content/uploads/2021/12/IMG_0033-2-480x300.jpg 480w" sizes="(max-width: 640px) 100vw, 640px" />															</div>
				</div>
					</div>
		</div>
					</div>
		</section>
				<section class="elementor-section elementor-top-section elementor-element elementor-element-707d4dc elementor-section-boxed elementor-section-height-default elementor-section-height-default" data-id="707d4dc" data-element_type="section" data-e-type="section">
						<div class="elementor-container elementor-column-gap-default">
					<div class="elementor-column elementor-col-100 elementor-top-column elementor-element elementor-element-85ee978" data-id="85ee978" data-element_type="column" data-e-type="column">
			<div class="elementor-widget-wrap elementor-element-populated">
						<div class="elementor-element elementor-element-275b586 elementor-widget elementor-widget-text-editor" data-id="275b586" data-element_type="widget" data-e-type="widget" data-widget_type="text-editor.default">
				<div class="elementor-widget-container">
									<p><span style="font-size: 14pt;">Kleinere Partien werden in der Werkstatthalle gelagert und können dort oder auf dem Betriebshof per Stapler oder Radlader umgeladen werden. Die Fahrzeughalle verfügt über eine Grube und einen Rollenprüfstand, so dass diverse Reparaturen und Untersuchungen selbst durchgeführt werden können.</span></p>								</div>
				</div>
					</div>
		</div>
					</div>
		</section>
				</div>

<p>Am Standort in Pouch gibt es eine Lagerhalle mit ca. 1.000 qm Fläche mit Kranbahn und Coil-Haken für Lasten bis 9 t. Eingelagert werden hier derzeit Coils und Spaltbänder für &#8230;</p>
